{"id":1483,"date":"2020-02-08T09:21:59","date_gmt":"2020-02-08T08:21:59","guid":{"rendered":"https:\/\/www.aeroclub-aire.fr\/lfda\/?page_id=1483"},"modified":"2020-02-17T17:49:13","modified_gmt":"2020-02-17T16:49:13","slug":"politique-de-confidentialite","status":"publish","type":"page","link":"https:\/\/www.aeroclub-aire.fr\/lfda\/politique-de-confidentialite\/","title":{"rendered":"Politique de confidentialit\u00e9"},"content":{"rendered":"[et_pb_section fb_built=\u00a0\u00bb1&Prime; _builder_version=\u00a0\u00bb4.2.2&Prime;][et_pb_row _builder_version=\u00a0\u00bb4.2.2&Prime;][et_pb_column _builder_version=\u00a0\u00bb4.2.2&Prime; type=\u00a0\u00bb4_4&Prime;][et_pb_text _builder_version=\u00a0\u00bb4.2.2&Prime; hover_enabled=\u00a0\u00bb0&Prime;]<h1>POLITIQUE DE CONFIDENTIALITE<\/h1>\n<h2>Responsable du traitement<\/h2>\n<p>L&rsquo;association A\u00e9roclub d&rsquo;Aire-sur-l&rsquo;Adour, en la personne de Lionel Lafargue, responsable communication de l&rsquo;a\u00e9roclub, est responsable du traitement des informations personnelles collect\u00e9es et trait\u00e9es via le site Web www.aeroclub-aire.fr<\/p>\n<p>En cas de question, demande de modification ou suppression des informations personnelles collect\u00e9es par A\u00e9roclub d&rsquo;Aire-sur-l&rsquo;Adour, veuillez nous contacter par email \u00e0 lionel.l@aeroclub-aire.fr<\/p>\n<h2>Informations collect\u00e9es<\/h2>\n<p>A\u00e9roclub d&rsquo;Aire-sur-l&rsquo;Adour, via son site Web, collecte plusieurs informations relatives \u00e0 ses clients\/membres :<\/p>\n<ul>\n<li>Informations fournies par le client\/membre lors de la cr\u00e9ation de son compte (titre de civilit\u00e9, Pr\u00e9nom*, Nom*, email de contact*, date de naissance) ou en compl\u00e9ment de son compte ou lors de commande prise sur le site www.aeroclub-aire.fr (adresse(s) de livraison et facturation). A\u00e9roclub d&rsquo;Aire-sur-l&rsquo;Adour n\u2019a pas acc\u00e8s au mot de passe choisi par le client lors de la cr\u00e9ation de son compte (information crypt\u00e9e par la plateforme WordPress WooCommerce via laquelle le site a \u00e9t\u00e9 con\u00e7u), mais peut lui en fournir un \u00e0 sa demande.<br \/> Toutes ces informations peuvent librement \u00eatre modifi\u00e9es par le client\/membre via son Espace Client.<\/li>\n<\/ul>\n<ul>\n<li>Informations collect\u00e9es automatiquement : via la plateforme WordPress WooCommerce, A\u00e9roclub d&rsquo;Aire-sur-l&rsquo;Adour a acc\u00e8s \u00e0 diff\u00e9rentes informations relatives aux visites sur son site, clients\/membre ou non (nombre de visiteurs en ligne, nombre et noms des clients\/membre en ligne, produits consult\u00e9s, paniers abandonn\u00e9s\u2026) dans le but d\u2019am\u00e9liorer le fonctionnement sur ledit site.<br \/> \u00c9galement, comme de nombreux autres sites, le site\u00a0www.aeroclub-aire.fr utilise des \u00ab cookies \u00bb, comme d\u00e9taill\u00e9 dans l\u2019article 23 de nos Conditions G\u00e9n\u00e9rales de Vente.<\/li>\n<\/ul>\n<p><span style=\"color: #000000;\"><em>* Ces informations sont n\u00e9cessaires \u00e0 la cr\u00e9ation d\u2019un compte client.<\/em><\/span><\/p>\n<h2>Finalit\u00e9 de l\u2019utilisation des donn\u00e9es personnelles<\/h2>\n<p>Les informations collect\u00e9es par A\u00e9roclub d&rsquo;Aire-sur-l&rsquo;Adour via son site Web servent exclusivement \u00e0 :<\/p>\n<ul>\n<li>L\u2019enregistrement et au traitement des commandes effectu\u00e9es sur le site Web ;<\/li>\n<li>La communication aux clients\/membre sur l\u2019activit\u00e9 de l\u2019association ;<\/li>\n<li>L\u2019am\u00e9lioration du fonctionnement du site Web et de l\u2019association A\u00e9roclub d&rsquo;Aire-sur-l&rsquo;Adour dans son ensemble.<\/li>\n<li>L&rsquo;alimentation du compte pilote des membres de l&rsquo;association.<\/li>\n<\/ul>\n<h2>Partage des informations personnelles<\/h2>\n<p>Les informations relatives aux clients\/membre repr\u00e9sentent une part mineure de l\u2019activit\u00e9 de A\u00e9roclub d&rsquo;Aire-sur-l&rsquo;Adour mais son m\u00e9tier n&rsquo;est pas de commercialiser les informations personnelles de ses clients. Certaines informations personnelles sont partag\u00e9es uniquement dans les cas suivants :<\/p>\n<ul>\n<li>Livraison des commandes : Toute information n\u00e9cessaire au bon acheminement d\u2019une commande est communiqu\u00e9e au transporteur (pr\u00e9nom, nom, adresse mail, num\u00e9ro de t\u00e9l\u00e9phone, adresse) ;<\/li>\n<li>Communication : Toute information utile \u00e0 l\u2019envoi d\u2019emails et de newsletters (nom, pr\u00e9nom, nom de soci\u00e9t\u00e9, adresse, adresse mail).<\/li>\n<\/ul>\n<h2>Dur\u00e9e d\u2019utilisation des donn\u00e9es personnelles<\/h2>\n<p>Les informations personnelles d\u2019un client\/membre sont conserv\u00e9es par A\u00e9roclub d&rsquo;Aire-sur-l&rsquo;Adour pour une dur\u00e9e n\u00e9cessaire \u00e0 la r\u00e9alisation de son activit\u00e9 associative, pour une dur\u00e9e n\u00e9cessaire \u00e0 la r\u00e9alisation d&rsquo;obligations l\u00e9gales, fiscales ou comptables, ou pour toute autre dur\u00e9e qui aura pu \u00eatre communiqu\u00e9e au client.<\/p>\n[\/et_pb_text][\/et_pb_column][\/et_pb_row][\/et_pb_section]","protected":false},"excerpt":{"rendered":"<p>POLITIQUE DE CONFIDENTIALITE Responsable du traitement L&rsquo;association A\u00e9roclub d&rsquo;Aire-sur-l&rsquo;Adour, en la personne de Lionel Lafargue, responsable communication de l&rsquo;a\u00e9roclub, est responsable du traitement des informations personnelles collect\u00e9es et trait\u00e9es via le site Web www.aeroclub-aire.fr En cas de question, demande de modification ou suppression des informations personnelles collect\u00e9es par A\u00e9roclub d&rsquo;Aire-sur-l&rsquo;Adour, veuillez nous contacter par email [&hellip;]<\/p>\n","protected":false},"author":1,"featured_media":0,"parent":0,"menu_order":0,"comment_status":"closed","ping_status":"closed","template":"","meta":{"_et_pb_use_builder":"on","_et_pb_old_content":"","_et_gb_content_width":"","jetpack_post_was_ever_published":false,"footnotes":""},"class_list":["post-1483","page","type-page","status-publish","hentry"],"jetpack_sharing_enabled":true,"jetpack_shortlink":"https:\/\/wp.me\/P9sdTk-nV","_links":{"self":[{"href":"https:\/\/www.aeroclub-aire.fr\/lfda\/wp-json\/wp\/v2\/pages\/1483"}],"collection":[{"href":"https:\/\/www.aeroclub-aire.fr\/lfda\/wp-json\/wp\/v2\/pages"}],"about":[{"href":"https:\/\/www.aeroclub-aire.fr\/lfda\/wp-json\/wp\/v2\/types\/page"}],"author":[{"embeddable":true,"href":"https:\/\/www.aeroclub-aire.fr\/lfda\/wp-json\/wp\/v2\/users\/1"}],"replies":[{"embeddable":true,"href":"https:\/\/www.aeroclub-aire.fr\/lfda\/wp-json\/wp\/v2\/comments?post=1483"}],"version-history":[{"count":3,"href":"https:\/\/www.aeroclub-aire.fr\/lfda\/wp-json\/wp\/v2\/pages\/1483\/revisions"}],"predecessor-version":[{"id":1487,"href":"https:\/\/www.aeroclub-aire.fr\/lfda\/wp-json\/wp\/v2\/pages\/1483\/revisions\/1487"}],"wp:attachment":[{"href":"https:\/\/www.aeroclub-aire.fr\/lfda\/wp-json\/wp\/v2\/media?parent=1483"}],"curies":[{"name":"wp","href":"https:\/\/api.w.org\/{rel}","templated":true}]}}